r when 515 is divided by 234.
47
Calculate the remainder when 1163 is divided by 625.
538
Calculate the remainder when 6433 is divided by 183.
28
Calculate the remainder when 4107 is divided by 99.
48
Calculate the remainder when 276316 is divided by 301.
299
Calculate the remainder when 58293 is divided by 41.
32
Calculate the remainder when 4361 is divided by 613.
70
Calculate the remainder when 69816 is divided by 142.
94
Calculate the remainder when 192253 is divided by 327.
304
Calculate the remainder when 1685379 is divided by 34.
33
Calculate the remainder when 667538 is divided by 7.
4
What is the remainder when 3677 is divided by 434?
205
Calculate the remainder when 2111 is divided by 501.
107
What is the remainder when 1706196 is divided by 25?
21
Calculate the remainder when 3477 is divided by 864.
21
What is the remainder when 99686 is divided by 3?
2
Calculate the remainder when 899 is divided by 222.
11
What is the remainder when 36839 is divided by 1054?
1003
Calculate the remainder when 2762 is divided by 894.
80
What is the remainder when 1012271 is divided by 351?
338
What is the remainder when 3006923 is divided by 221?
218
Calculate the remainder when 1199 is divided by 7.
2
Calculate the remainder when 42310 is divided by 510.
490
What is the remainder when 10858 is divided by 7?
1
Calculate the remainder when 142300 is divided by 111.
109
Calculate the remainder when 5223 is divided by 32.
7
Calculate the remainder when 9107 is divided by 99.
98
Calculate the remainder when 22424 is divided by 51.
35
Calculate the remainder when 59652 is divided by 303.
264
Calculate the remainder when 2738 is divided by 337.
42
Calculate the remainder when 1145 is divided by 555.
35
What is the remainder when 15756 is divided by 156?
0
What is the remainder when 199474 is divided by 10?
4
What is the remainder when 47457 is divided by 544?
129
What is the remainder when 156358 is divided by 52107?
37
Calculate the remainder when 319157 is divided by 395.
392
Calculate the remainder when 10338 is divided by 119.
104
Calculate the remainder when 4342 is divided by 32.
22
What is the remainder when 9631 is divided by 323?
264
What is the remainder when 14433 is divided by 2885?
8
What is the remainder when 1341 is divided by 1322?
19
Calculate the remainder when 1209 is divided by 178.
141
Calculate the remainder when 593 is divided by 548.
45
Calculate the remainder when 2310 is divided by 562.
62
What is the remainder when 13936 is divided by 6923?
90
Calculate the remainder when 116202 is divided by 203.
86
What is the remainder when 320600 is divided by 3305?
15
Calculate the remainder when 927520 is divided by 1054.
0
What is the remainder when 29433 is divided by 166?
51
Calculate the remainder when 5696 is divided by 1131.
41
Calculate the remainder when 57945 is divided by 120.
105
Calculate the remainder when 18854322 is divided by 175.
172
What is the remainder when 790952 is divided by 73?
70
What is the remainder when 638309 is divided by 29014?
1
What is the remainder when 10009 is divided by 4661?
687
What is the remainder when 2375 is divided by 127?
89
What is the remainder when 14810 is divided by 747?
617
What is the remainder when 2915 is divided by 2834?
81
Calculate the remainder when 279553 is divided by 6353.
21
What is the remainder when 9421 is divided by 671?
27
What is the remainder when 412295 is divided by 328?
327
Calculate the remainder when 372949 is divided by 57.
55
What is the remainder when 2315 is divided by 65?
40
Calculate the remainder when 27938 is divided by 29.
11
Calculate the remainder when 1505 is divided by 287.
70
Calculate the remainder when 27369 is divided by 17.
16
What is the remainder when 8265129 is divided by 1994?
1993
Calculate the remainder when 23071 is divided by 48.
31
What is the remainder when 27539 is divided by 85?
84
Calculate the remainder when 1475 is divided by 1284.
191
What is the remainder when 79 is divided by 22?
13
Calculate the remainder when 50179 is divided by 1319.
57
Calculate the remainder when 9467 is divided by 297.
260
Calculate the remainder when 259 is divided by 103.
53
What is the remainder when 44765 is divided by 22380?
5
Calculate the remainder when 4477 is divided by 263.
6
What is the remainder when 38181 is divided by 18957?
267
What is the remainder when 5930 is divided by 458?
434
What is the remainder when 23882 is divided by 50?
32
What is the remainder when 9397 is divided by 9376?
21
Calculate the remainder when 5586 is divided by 1858.
12
Calculate the remainder when 49828 is divided by 1718.
6
Calculate the remainder when 57571 is divided by 1799.
3
What is the remainder when 770 is divided by 23?
11
What is the remainder when 3396 is divided by 1158?
1080
What is the remainder when 94357 is divided by 14?
11
Calculate the remainder when 27756 is divided by 487.
484
Calculate the remainder when 15221 is divided by 141.
134
What is the remainder when 42297 is divided by 2211?
288
Calculate the remainder when 362 is divided by 351.
11
What is the remainder when 86501 is divided by 780?
701
What is the remainder when 1917 is divided by 414?
261
Calculate the remainder when 4063 is divided by 1213.
424
Calculate the remainder when 3096 is divided by 1031.
3
Calculate the remainder when 18221 is divided by 4529.
105
What is the remainder when 2332 is divided by 96?
28
What is the remainder when 5473 is divided by 604?
37
Calculate the remainder when 6247034 is divided by 261.
260
Calculate the remainder when 5802 is divided by 523.
49
What is the remainder when 52188 is divided by 27?
24
Calculate the remainder when 1195 is divided by 1024.
171
Calculate the remainder when 9443 is divided by 9434.
9
What is the remainder when 337663 is divided by 3?
1
What is the remainder when 261181 is divided by 106?
103
What is the remainder when 1320 is divided by 972?
348
What is the remainder when 23881 is divided by 1404?
13
Calculate the remainder when 12582 is divided by 12575.
7
What is the remainder when 43712 is divided by 113?
94
What is the remainder when 8819 is divided by 353?
347
What is the remainder when 1485316 is divided by 68?
60
Calculate the remainder when 13245 is divided by 4380.
105
Calculate the remainder when 31057 is divided by 1071.
1069
Calculate the remainder when 181985 is divided by 65.
50
Calculate the remainder when 15485 is divided by 119.
15
Calculate the remainder when 3227 is divided by 300.
227
What is the remainder when 161772 is divided by 4147?
39
What is the remainder when 124797 is divided by 20?
17
What is the remainder when 27503 is divided by 2?
1
Calculate the remainder when 4266 is divided by 2127.
12
What is the remainder when 6775984 is divided by 164?
160
Calculate the remainder when 13607 is divided by 546.
503
What is the remainder when 14803 is divided by 3683?
71
What is the remainder when 95284 is divided by 9525?
34
Calculate the remainder when 19150 is divided by 266.
264
Calculate the remainder when 3417 is divided by 34.
17
What is the remainder when 3316322 is divided by 545?
542
What is the remainder when 994514 is divided by 42?
38
What is the remainder when 1166967 is divided by 298?
297
Calculate the remainder when 2093 is divided by 351.
338
What is the remainder when 4428 is divided by 2325?
2103
Calculate the remainder when 4449 is divided by 293.
54
Calculate the remainder when 2076 is divided by 876.
324
What is the remainder when 158256 is divided by 52746?
18
Calculate the remainder when 19250 is divided by 1917.
80
What is the remainder when 9351 is divided by 31?
20
Calculate the remainder when 89176 is divided by 196.
192
What is the remainder when 4460 is divided by 821?
355
Calculate the remainder when 21048 is divided by 45.
33
What is the remainder when 6158 is divided by 207?
155
What is the remainder when 11644 is divided by 335?
254
What is the remainder when 1567 is divided by 82?
9
Calculate the remainder when 1701 is divided by 849.
3
What is the remainder when 4680363 is divided by 95?
93
Calculate the remainder when 13956 is divided by 62.
6
Calculate the remainder when 5187 is divided by 52.
39
What is the remainder when 2186 is divided by 69?
47
Calculate the rem